 the prime factors of 216835349.
29, 53, 71, 1987
What are the prime factors of 61868820?
2, 3, 5, 13, 79319
List the prime factors of 18701195.
5, 103, 36313
What are the prime factors of 2344331025?
3, 5, 17, 204299
What are the prime factors of 17616219?
3, 719, 8167
List the prime factors of 1796095280.
2, 5, 7, 29, 110597
List the prime factors of 294132052.
2, 73533013
List the prime factors of 10135314.
2, 3, 7, 26813
List the prime factors of 27434766.
2, 3, 227, 20143
What are the prime factors of 32013774?
2, 3, 13, 136811
List the prime factors of 1147101137.
7, 13, 101, 137, 911
List the prime factors of 67958286.
2, 3, 11, 163, 6317
List the prime factors of 2993418.
2, 3, 166301
List the prime factors of 62018687.
311, 199417
List the prime factors of 102368880.
2, 3, 5, 83, 571
What are the prime factors of 350179680?
2, 3, 5, 173, 4217
List the prime factors of 415104389.
7, 157, 377711
What are the prime factors of 1328022290?
2, 5, 7, 19, 998513
List the prime factors of 1474293578.
2, 737146789
What are the prime factors of 198650864?
2, 12415679
List the prime factors of 51184148.
2, 12796037
List the prime factors of 233386873.
12301, 18973
List the prime factors of 900957850.
2, 5, 13, 1386089
List the prime factors of 40514186.
2, 37, 14797
What are the prime factors of 626928386?
2, 7, 44780599
List the prime factors of 94358029.
23, 37, 110879
What are the prime factors of 1245332556?
2, 3, 13, 295663
List the prime factors of 5832191105.
5, 13, 17, 5278001
What are the prime factors of 159306016?
2, 37, 157, 857
List the prime factors of 61246943.
71, 862633
List the prime factors of 767692394.
2, 7, 113, 127, 3821
What are the prime factors of 86083699?
13, 17, 19, 83
List the prime factors of 2144884967.
173, 12398179
What are the prime factors of 4446004020?
2, 3, 5, 1499, 49433
What are the prime factors of 185625332?
2, 46406333
List the prime factors of 458826594.
2, 3, 76471099
List the prime factors of 484076409.
3, 491, 328633
What are the prime factors of 2384141504?
2, 29, 1284559
List the prime factors of 401788466.
2, 59, 223, 15269
What are the prime factors of 173029276?
2, 7, 19, 23, 79, 179
What are the prime factors of 182040192?
2, 3, 29, 5449
List the prime factors of 59226443.
7517, 7879
List the prime factors of 382699739.
6089, 62851
What are the prime factors of 1072947685?
5, 214589537
List the prime factors of 3894486045.
3, 5, 259632403
List the prime factors of 170779036.
2, 42694759
What are the prime factors of 614113143?
3, 7, 43, 680081
List the prime factors of 324049184.
2, 443, 22859
List the prime factors of 34785796.
2, 43, 202243
List the prime factors of 71281717.
13, 5483209
List the prime factors of 888938442.
2, 3, 7, 281, 8369
List the prime factors of 3857028822.
2, 3, 6373, 33623
What are the prime factors of 20854245?
3, 5, 1390283
What are the prime factors of 89580947?
271, 330557
What are the prime factors of 1772233910?
2, 5, 773, 229267
List the prime factors of 71962424.
2, 19, 271, 1747
What are the prime factors of 5812443646?
2, 59, 251, 196247
What are the prime factors of 51544112?
2, 19, 169553
List the prime factors of 156772574.
2, 7, 733, 15277
List the prime factors of 1491636097.
7, 19, 1602187
List the prime factors of 79854192.
2, 3, 11, 4583
What are the prime factors of 361956197?
17, 2411, 8831
List the prime factors of 1229834457.
3, 136648273
List the prime factors of 2950522.
2, 1475261
What are the prime factors of 23527006?
2, 281, 41863
List the prime factors of 569978481.
3, 229, 571, 1453
List the prime factors of 2807407256.
2, 113, 3105539
What are the prime factors of 23236646?
2, 11618323
What are the prime factors of 779794605?
3, 5, 127, 136447
List the prime factors of 715933678.
2, 139, 2575301
List the prime factors of 101388842.
2, 50694421
List the prime factors of 1198931774.
2, 599465887
List the prime factors of 52636739.
52636739
What are the prime factors of 23704544?
2, 47, 15761
What are the prime factors of 99513875?
5, 31, 61, 421
List the prime factors of 326023084.
2, 331, 246241
List the prime factors of 78025169.
53, 1472173
List the prime factors of 748942.
2, 19, 19709
List the prime factors of 310800946.
2, 29, 337, 15901
List the prime factors of 2551336425.
3, 5, 11, 31, 3023
What are the prime factors of 65872844?
2, 151, 191, 571
List the prime factors of 1473027066.
2, 3, 7, 157, 24821
List the prime factors of 342577660.
2, 5, 17128883
What are the prime factors of 109672422?
2, 3, 71, 257447
What are the prime factors of 43647000?
2, 3, 5, 14549
List the prime factors of 871946918.
2, 41, 10633499
List the prime factors of 47430961.
31, 1153, 1327
List the prime factors of 193079399.
1823, 105913
What are the prime factors of 1732822864?
2, 233, 464813
What are the prime factors of 251859079?
19, 13255741
List the prime factors of 24685809.
3, 8228603
What are the prime factors of 122929738?
2, 1973, 31153
List the prime factors of 409975742.
2, 11, 1277, 14593
What are the prime factors of 169756385?
5, 71, 79, 6053
What are the prime factors of 6813402547?
7, 11887, 81883
What are the prime factors of 3059780966?
2, 11, 12643723
List the prime factors of 41110499.
23, 557, 3209
List the prime factors of 224279115.
3, 5, 14951941
What are the prime factors of 706103764?
2, 19, 331, 28069
List the prime factors of 620617461.
3, 71, 2913697
What are the prime factors of 122623557?
3, 7, 23, 253879
List the prime factors of 69475060.
2, 5, 3473753
List the prime factors of 32166856.
2, 17, 13913
What are the prime factors of 26772220?
2, 5, 29, 31, 1489
What are the prime factors of 1016416752?
2, 3, 13, 1628873
List the prime factors of 168697958.
2, 11, 13, 53623
What are the prime factors of 33823351?
563, 60077
What are the prime factors of 161420069?
31, 1069, 4871
List the prime factors of 1210997897.
1210997897
List the prime factors of 601280338.
2, 300640169
List the prime factors of 560730481.
9067, 61843
What are the prime factors of 121546645?
5, 11, 2209939
List the prime factors of 250923678.
2, 3, 41820613
List the prime factors of 55065549.
3, 7, 11, 127, 1877
List the prime factors of 88721123.
88721123
List the prime factors of 738075839.
29, 25450891
List the prime factors of 132175863.
3, 787, 18661
What are the prime factors of 151873371?
3, 13, 31, 3221
List the prime factors of 169943076.
2, 3, 1573547
What are the prime factors of 775808976?
2, 3, 31, 521377
What are the prime factors of 737597067?
3, 245865689
What are the prime factors of 1759579029?
3, 13, 15039137
What are the prime factors of 689083323?
3, 229694441
List the prime factors of 5512711888.
2, 5279, 65267
List the prime factors of 1257309066.
2, 3, 13, 83, 157, 1237
What are the prime factors of 228398629?
228398629
List the prime factors of 4104221302.
2, 4289, 478459
What are the prime factors of 207219382?
2, 103609691
What are the prime factors of 135870607?
61, 859, 2593
List the prime factors of 3006346133.
7, 199, 2158181
List the prime factors of 102415727.
102415727
List the prime factors of 2957315031.
3, 11, 163, 183263
What are the prime factors of 532735814?
2, 13, 61, 257, 1307
List the prime factors of 1708214938.
2, 20117, 42457
What are the prime factors of 386832518?
2, 17, 199, 57173
List the prime factors of 274258987.
331, 828577
What are the prime factors of 203205478?
2, 7, 827, 17551
What are the prime factors of 23904905?
5, 47, 101723
List the prime factors of 2107025707.
277, 577, 13183
What are the prime factors of 2755172524?
2, 13, 17, 47, 5101
List the prime factors of 348036449.
348036449
What are the prime factors of 1565236264?
2, 19, 10297607
What are the prime factors of 1183592610?
2, 3, 5, 13151029
What are the prime factors of 3978935597?
7, 13, 19, 2301293
What are the prime factors of 237812955?
3, 5, 15854197
What are the prime factors of 95575350?
2, 3, 5, 13, 23, 2131
List the prime factors of 685018856.
2, 19, 4506703
List the prime factors of 1107057169.
1107057169
List the prime factors of 107673889.
107673889
List the prime factors of 1478443777.
17, 86967281
What are the prime factors of 3239843775?
3, 5, 7, 587, 10513
List the prime factors of 34306448.
2, 11, 421, 4